ors of 48536372?
2, 29, 251, 1667
What are the prime factors of 32423100?
2, 3, 5, 23, 37, 127
What are the prime factors of 2359069?
31, 76099
What are the prime factors of 1665129309?
3, 193, 2875871
What are the prime factors of 95699856?
2, 3, 7, 271, 1051
List the prime factors of 1689739771.
1689739771
List the prime factors of 34694119.
241, 359, 401
List the prime factors of 680470996.
2, 37, 1907, 2411
List the prime factors of 24978317.
7, 13, 53, 5179
What are the prime factors of 3581837?
7, 511691
What are the prime factors of 303687312?
2, 3, 353, 17923
List the prime factors of 1442415071.
521, 2768551
List the prime factors of 348434453.
47, 7413499
What are the prime factors of 292308650?
2, 5, 5846173
What are the prime factors of 21283722?
2, 3, 131381
What are the prime factors of 2206133950?
2, 5, 44122679
What are the prime factors of 2212299512?
2, 281, 984119
What are the prime factors of 906772780?
2, 5, 45338639
List the prime factors of 1729391039.
19, 91020581
List the prime factors of 2521917080.
2, 5, 3617, 17431
List the prime factors of 953729322.
2, 3, 7, 13, 29, 31, 67
List the prime factors of 631266333.
3, 599, 351289
What are the prime factors of 1061788328?
2, 132723541
What are the prime factors of 1272789892?
2, 11, 47, 311, 1979
List the prime factors of 76221450.
2, 3, 5, 107, 1583
List the prime factors of 1953581810.
2, 5, 29, 6736489
List the prime factors of 90086884.
2, 1789, 12589
What are the prime factors of 76251997?
19, 521, 7703
What are the prime factors of 241458298?
2, 120729149
What are the prime factors of 28714734?
2, 3, 17, 107, 877
List the prime factors of 1858587988.
2, 2309, 201233
What are the prime factors of 260087983?
260087983
List the prime factors of 27268024.
2, 7, 486929
What are the prime factors of 373283756?
2, 17, 307, 17881
List the prime factors of 138041082.
2, 3, 311, 24659
List the prime factors of 943405158.
2, 3, 67, 2346779
List the prime factors of 50366949.
3, 16788983
What are the prime factors of 4518050554?
2, 33797, 66841
What are the prime factors of 375848900?
2, 5, 7, 83, 6469
List the prime factors of 1010141048.
2, 7, 23, 281, 2791
What are the prime factors of 67176514?
2, 19, 23, 101, 761
List the prime factors of 4104512778.
2, 3, 31, 22067273
List the prime factors of 1584565188.
2, 3, 132047099
What are the prime factors of 60479351?
23, 2629537
What are the prime factors of 72290329?
72290329
List the prime factors of 1406293397.
17, 101, 673, 1217
What are the prime factors of 1654097714?
2, 907, 911851
What are the prime factors of 452764894?
2, 89, 2543623
List the prime factors of 577399094.
2, 19, 15194713
What are the prime factors of 105745047?
3, 3793, 9293
List the prime factors of 5616254729.
21859, 256931
List the prime factors of 30613514.
2, 15306757
What are the prime factors of 652967734?
2, 326483867
List the prime factors of 1304006576.
2, 29, 2810359
What are the prime factors of 1526482583?
157, 9722819
What are the prime factors of 1139320478?
2, 569660239
What are the prime factors of 358567239?
3, 43, 173, 16067
What are the prime factors of 2529374289?
3, 13, 31, 241, 8681
What are the prime factors of 314269858?
2, 7, 89, 252223
What are the prime factors of 1850611961?
11, 61, 113, 24407
List the prime factors of 36895168.
2, 17, 33911
List the prime factors of 79314422.
2, 11, 3605201
List the prime factors of 68360056.
2, 8545007
List the prime factors of 133589301.
3, 283, 157349
List the prime factors of 30619063.
30619063
What are the prime factors of 22160051?
22160051
List the prime factors of 751300103.
751300103
List the prime factors of 18130676.
2, 4532669
List the prime factors of 104296497.
3, 41, 199, 4261
What are the prime factors of 2423111219?
163, 14865713
What are the prime factors of 3800766808?
2, 475095851
What are the prime factors of 78397066?
2, 11, 3563503
What are the prime factors of 49944701?
49944701
What are the prime factors of 268571160?
2, 3, 5, 11, 13, 37, 47
What are the prime factors of 638037400?
2, 5, 7, 11, 13, 3187
What are the prime factors of 4118361771?
3, 1372787257
List the prime factors of 122334870.
2, 3, 5, 7, 83221
List the prime factors of 486051569.
83, 5856043
What are the prime factors of 53366337?
3, 719, 2749
What are the prime factors of 85083676?
2, 21270919
What are the prime factors of 104172792?
2, 3, 4340533
What are the prime factors of 600645402?
2, 3, 7, 587, 2707
List the prime factors of 312056581.
312056581
What are the prime factors of 114921701?
227, 506263
List the prime factors of 1552374959.
29, 53530171
What are the prime factors of 740182387?
7, 197, 76679
What are the prime factors of 73006961?
349, 209189
What are the prime factors of 1132051459?
7, 11, 31, 67751
List the prime factors of 447424064.
2, 29, 241069
What are the prime factors of 36149886?
2, 3, 2008327
List the prime factors of 8582657302.
2, 4291328651
List the prime factors of 56538602.
2, 2273, 12437
List the prime factors of 382267646.
2, 37, 5165779
What are the prime factors of 201019428?
2, 3, 283, 6577
What are the prime factors of 17725947?
3, 5908649
What are the prime factors of 764115592?
2, 17, 5618497
List the prime factors of 1581724886.
2, 7, 79, 1430131
What are the prime factors of 2008790084?
2, 7, 10248929
What are the prime factors of 604094961?
3, 201364987
List the prime factors of 323359540.
2, 5, 7, 2309711
List the prime factors of 945809567.
29, 79, 293, 1409
What are the prime factors of 43046998?
2, 21523499
What are the prime factors of 623869994?
2, 11, 28357727
List the prime factors of 5649852.
2, 3, 13, 36217
What are the prime factors of 788760621?
3, 11, 31, 157, 1637
List the prime factors of 299904929.
299904929
List the prime factors of 75364969.
75364969
List the prime factors of 1141555784.
2, 41, 3480353
List the prime factors of 30372020.
2, 5, 7, 59, 3677
What are the prime factors of 2479535906?
2, 89, 521, 26737
List the prime factors of 411469399.
11, 41, 912349
What are the prime factors of 803532908?
2, 157, 1279511
List the prime factors of 878619965.
5, 175723993
What are the prime factors of 108449718?
2, 3, 13, 31, 44851
What are the prime factors of 961004244?
2, 3, 80083687
What are the prime factors of 178903157?
178903157
What are the prime factors of 825967006?
2, 953, 433351
What are the prime factors of 473290957?
467, 1013471
What are the prime factors of 263021365?
5, 17, 193, 16033
What are the prime factors of 84808056?
2, 3, 53, 61, 1093
What are the prime factors of 995005860?
2, 3, 5, 331, 50101
What are the prime factors of 108821383?
11, 83, 119191
What are the prime factors of 1664098984?
2, 208012373
List the prime factors of 4600844615.
5, 920168923
What are the prime factors of 6302555965?
5, 1260511193
What are the prime factors of 7233772952?
2, 7, 17, 7598501
List the prime factors of 317620749.
3, 9631, 10993
What are the prime factors of 8752804?
2, 167, 13103
What are the prime factors of 1549391328?
2, 3, 19, 10487
List the prime factors of 3042733975.
5, 53, 1429, 1607
What are the prime factors of 262541802?
2, 3, 6277, 6971
List the prime factors of 286464987.
3, 29, 101, 10867
List the prime factors of 150870167.
7, 3078983
List the prime factors of 378186506.
2, 29, 6520457
What are the prime factors of 251930591?
11, 2082071
List the prime factors of 101734669.
101734669
What are the prime factors of 103380172?
2, 7, 461, 8009
List the prime factors of 5415289.
11, 492299
List the prime factors of 1833945504.
2, 3, 131, 145829
List the prime factors of 102400088.
2, 7, 83, 22031
List the prime factors of 48836046.
2, 3, 7, 43, 3863
What are the prime factors of 26934643?
26934643
What are the prime factors of 743920329?
3, 247973443
List the prime factors of 820891910.
2, 5, 8291, 9901
List the prime factors of 154928613.
3, 7, 43, 171571
What are the prime factors of 1180228?
2, 7, 61, 691
What are the prime factors of 77663787?
3, 47, 67, 8221
What are the prime factors of 86134377?
3, 7, 1013, 4049
List the prime factors of 40627296.
2, 3, 141067
What are the prime factors of 112690277?
7, 71, 226741
List the prime factors of 281299870.
2, 5, 71, 396197
List the prime factors of 1498965